 common factor of 56 and u.
28
Suppose 13 = f - 3*r, -2*f + r = -r - 18. Suppose -3*w = f*w - 20. Suppose -w*k = 4*k - 156. Calculate the greatest common divisor of 13 and k.
13
Let j(f) = f**3 - 6*f**2 - 16*f - 56. Let o be j(9). Suppose -6655 = -54*k + o*k. What is the greatest common divisor of k and 242?
121
Let f = 82 + -94. Let o be ((-4)/f)/(7/84). Suppose 3*c + 24 = 3*x, -o*x + 3*c + 21 = -15. Calculate the greatest common divisor of 18 and x.
6
Let t(j) = -72*j - 160. Let v be t(-3). What is the highest common divisor of 5768 and v?
56
Suppose 0 = -2*p + 5*a - 2*a + 45, -2*p + 55 = -5*a. Let b = -33 - -43. Calculate the highest common divisor of p and b.
5
Let d = -2262 + 2332. Calculate the greatest common factor of d and 470.
10
Let f(s) = 1627*s - 1047. Let h be f(1). Calculate the greatest common divisor of h and 200.
20
Let v be -12*(0 - 100/8) - 4. Let j = 430 + v. Calculate the greatest common factor of 36 and j.
36
Let a = 21290 + 11991. Calculate the greatest common divisor of 23 and a.
23
Let n be (159 - 231 - (-8)/(-1))*(-242)/5. What is the greatest common factor of n and 32?
32
Let o(k) = 2*k**3 - 35*k**2 + 28*k + 368. Let t be o(16). What is the greatest common factor of 324 and t?
12
Let u(c) = c + 63 - 25 - 11. Let i be u(0). What is the greatest common factor of i and 45?
9
Let u be (-10)/(200/(-218905)) - 5/(3 + 17). What is the highest common factor of u and 55?
55
Suppose n - 4 = -2. Let q(a) = 7 - a**3 - 12*a**2 + 33*a**2 - 18*a**n. Let t be q(0). What is the highest common divisor of 7 and t?
7
Let j = 105 + -111. Let h be (45/j - -3) + 1/2. Let q be (-29)/(-3 - (h + 2)) - 3. Calculate the highest common factor of q and 78.
26
Let z = -13521 - -13860. Calculate the highest common divisor of 1469 and z.
113
Suppose -374 = -2*d - 1022. Let b = d + 343. What is the highest common divisor of 855 and b?
19
Let z be (2 - 5/3)*3*-186. Let j be (-1 + 25/15)/((-4)/z). Let t be (-9)/6*(-60 + -2). What is the greatest common divisor of t and j?
31
Suppose -25*f - 139 = -898 - 766. Calculate the highest common factor of 3294 and f.
61
Suppose 2001 = 8*n + 1969. Let r(a) = 7*a**2 + 12*a - 32. Let m be r(n). Calculate the highest common factor of 24 and m.
8
Suppose w - 146 = -2*n, 3*n - 84 = -w + 69. Calculate the greatest common factor of 1628 and w.
44
Let c be -2*(-3)/9*(-14 - -20). Suppose -306 = -10*h + c*h. Calculate the greatest common divisor of 3 and h.
3
Suppose -19848 - 16022 = -17*a. Calculate the greatest common factor of 5 and a.
5
Suppose 4 = -4*a, -5*a - 417 + 628 = 4*m. Calculate the greatest common factor of m and 4842.
18
Suppose 2*b - 167 = -3*y, y - 262 = 4*b - 631. Calculate the greatest common factor of 49 and b.
7
Let f = -8384 + 10022. What is the greatest common divisor of 416 and f?
26
Let z = -26 - -19. Let k(a) = -3*a - 16. Let s be k(z). Suppose -s*v + 111 = 31. What is the highest common factor of 4 and v?
4
Let i = 17222 - 17112. What is the greatest common factor of i and 1310?
10
Let p = -61 + 111. Let f(s) = 12*s + 10*s + 76 + 5*s - 31*s. Let m be f(-6). What is the greatest common divisor of m and p?
50
Let i be (0 - (5 + -6)) + 569. Suppose 197*k - 160*k = 3330. Calculate the highest common divisor of i and k.
30
Let r be ((-672)/(1 - 5))/(37/851). Calculate the highest common divisor of r and 84.
84
Let g(u) be the third derivative of u**6/60 - u**5/6 + 17*u**4/24 + 19*u**3/6 - 9*u**2 + 2*u. Let j be g(8). What is the greatest common factor of 77 and j?
77
Let y be (-2)/12 - (-3 - 286/(-12)). Let f be 4/14 - (771/y - -9). Calculate the highest common factor of f and 42.
14
Let t = -8763 - -9618. Let h = 30 - -65. Calculate the highest common divisor of t and h.
95
Suppose -7*c + 9720 = 27*c + 2*c. What is the highest common factor of 250 and c?
10
Let m(a) = a**3 + 19*a**2 - 73*a - 211. Let t be m(-21). What is the greatest common divisor of 594 and t?
22
Let g = 142 + -78. Suppose -21*t = -6*t + 2340. Let m be ((-20)/3)/(13/t). What is the highest common factor of m and g?
16
Let n = 6794 - 4701. What is the highest common divisor of n and 39?
13
Let t be (1 - (-2 + 3))/(-3). Let q be 553/21 - (t + (-2)/(-6)). What is the greatest common factor of 52 and q?
26
Let p(b) = -2*b**3 + 138*b**2 + 133*b + 569. Let d be p(70). Calculate the greatest common factor of 10981 and d.
79
Suppose 37*t = 80*t - 9632. Calculate the highest common factor of 140 and t.
28
Let a = 153 + -98. Suppose a = 30*c - 29*c. Calculate the greatest common divisor of c and 5.
5
Let r(m) = 27*m + 6. Let w be r(12). Let j(z) = 31*z**2 + 2*z - 7. Let c be j(-1). Calculate the highest common factor of w and c.
22
Let b(v) = 211*v - 93. Let g be b(3). Let n be (g/150)/(2/60). What is the highest common divisor of n and 27?
27
Suppose 217*h + 2*t = 212*h + 2665, -2*h + 3*t = -1066. What is the highest common divisor of 13 and h?
13
Suppose 15*x - 16*x + 186 = 3*p, -3*x + 550 = 5*p. Calculate the highest common factor of x and 120.
60
Suppose 4*m + 58*a - 5054 = 59*a, m + 5*a = 1232. Calculate the highest common factor of m and 2.
2
Let g(d) = 210*d - 7518. Let i be g(36). Calculate the greatest common divisor of 651 and i.
21
Let y be 5/(-35)*2 + 7877/7. Let m = y - 585. Calculate the greatest common factor of 20 and m.
20
Let k = 796 - 924. Suppose 0*z + 12 = 2*z. Let p be (-2)/z + k/(-6). Calculate the greatest common divisor of p and 231.
21
Let u be (13/(-5) + 3)/((-2)/(-240)). Calculate the highest common factor of u and 2048.
16
Suppose 19*h - 18*h = -4. Let s be 15*(h/(-12) - 0). Suppose 5*a - 90 = s*m, -3*m - m = a - 28. Calculate the highest common divisor of a and 4.
4
Suppose -5*s + 35 = -5*u, 2*s + s = -4*u + 14. Let y be (4 + 26/(-4))*-108. Suppose 11*a - s*a = y. What is the highest common factor of a and 27?
27
Let p = 2414 + -2404. Calculate the greatest common divisor of 8410 and p.
10
Suppose 0 = -33*j + 160 + 302. Let a be (1 - -5)*(26/6 - 3). Calculate the highest common divisor of a and j.
2
Let f be (12 - (-2)/2) + 1. Let q = -75 + 88. Suppose -q*o = -192 - 172. Calculate the highest common divisor of f and o.
14
Let x(h) = 3*h - 15. Suppose -2*m + 3*c + 8 = -0*c, 5*m - 2*c - 31 = 0. Let o be x(m). Let v be 302/10 + (-1)/5. What is the highest common divisor of v and o?
6
Let p = -389 + 609. Let m = p + -199. Let n = 1 - -2. What is the greatest common divisor of n and m?
3
Let i be ((-18)/4 + 4)*264. Let b be (i/(-55))/(4/30). What is the greatest common divisor of 42 and b?
6
Suppose 118*k - 212160 = 50*k. Calculate the highest common factor of 160 and k.
80
Let o = 82 + -82. Let x be o*-3*((-15)/9 - -2). Suppose -2*c + 182 = -4*y + 7*y, 2*y + c - 121 = x. What is the greatest common divisor of y and 15?
15
Suppose 14*r - 395 + 3 = 0. Suppose 0*c + 35 = 5*c. Let x = c - -7. What is the highest common factor of r and x?
14
Let h(y) = -4 + 0 - 7*y + 3 + 224*y. Let z be h(1). Suppose 150*j - 72 = 147*j. What is the greatest common divisor of j and z?
24
Suppose 10*q - a - 1547 = 0, -3*q + 117 + 317 = 4*a. Suppose -4*s + 168 = -0*s. What is the greatest common divisor of s and q?
14
Let k = 20658 - 20675. Let r be -4*1/(4/(-47)). Let y = r + k. What is the highest common divisor of y and 6?
6
Suppose -19536 = -i + 5*n, i + n - 26714 = -7148. What is the greatest common divisor of i and 31?
31
Let m = 627 - 347. Suppose 395 + 165 = 10*q. What is the greatest common factor of m and q?
56
Let l = 371 + -221. Suppose -384 = -14*i + 246. Calculate the greatest common divisor of l and i.
15
Suppose 7*a - 203 = 5*a + 3*i, 0 = 4*a + 5*i - 439. Let k be -5 - a/(-8) - 4/16. What is the greatest common factor of 3 and k?
1
Suppose -2*k + w + 3555 + 1437 = 0, 5*k + 4*w - 12480 = 0. What is the highest common divisor of 32 and k?
32
Suppose 0 = -6*a + 3*a - 6, -2*h = 5*a + 4. Let k be -6 + 9/h + 47. Let u = -82 - -86. What is the highest common factor of k and u?
4
Let j be (1/(-3))/(23/(-2484)). Suppose j = -q + 72. Calculate the highest common factor of 4 and q.
4
Let j be -1*(-2374)/12*2 - (-2)/6. Calculate the greatest common divisor of j and 252.
36
Suppose 7*q + 3*q = 750. Suppose -q = -4*v + v. What is the highest common factor of 25 and v?
25
Let c = -204 + 11732. What is the greatest common divisor of 